{"id":14219,"date":"2022-09-22T12:32:51","date_gmt":"2022-09-22T12:32:51","guid":{"rendered":"http:\/\/ferreteradelnorte.com.ar\/web\/?post_type=product&#038;p=14219"},"modified":"2022-09-22T12:32:52","modified_gmt":"2022-09-22T12:32:52","slug":"skil-sierra-circular-7-1-4-184-mm-1400w-5402","status":"publish","type":"product","link":"https:\/\/ferreteradelnorte.com.ar\/web\/producto\/skil-sierra-circular-7-1-4-184-mm-1400w-5402\/","title":{"rendered":"SKIL Sierra Circular (7 1\/4\u2019) 184 mm 1400W &#8211; 5402"},"content":{"rendered":"<div class=\"productspecs-head\">\r\n<h6>Beneficios<\/h6>\r\n<\/div>\r\n<div class=\"productspecs-listing\">\r\n<ul class=\"col-lg-18\">\r\n \t<li>Visibilidad atrav\u00e9s de la placa base<\/li>\r\n \t<li>Func\u00edon soplo que mantiene el \u00e1rea de corte limpio<\/li>\r\n \t<li>Manilla ergon\u00f3mica parecida con la de un serrucho.<\/li>\r\n \t<li>Traba de eje para cambiar el disco<\/li>\r\n \t<li>Base plana del motor para apoyar la sierra y cambiar el disco<\/li>\r\n \t<li>Cambie el disco con la llave allen o sextavada<\/li>\r\n<\/ul>\r\n<\/div>\r\n<div>\r\n<div class=\"col-lg-18\">\r\n<div class=\"productspecs-head\">\r\n<h6>Descripci\u00f3n<\/h6>\r\n<\/div>\r\n<div class=\"featured-text\">\r\n\r\n&nbsp;\r\n\r\nLa Sierra Circular Skil 5402, con 1400 Watts de potencia, fue desarrollada para atender gran parte de las aplicaciones de corte en maderas y sus derivados. Con capacidad de corte de hasta 65 mil\u00edmetros, adem\u00e1s de empu\u00f1adura auxiliar robusta que garantiza mayor estabilidad durante el corte. El polvo queda lejos del usuario gracias a su salida de polvo eficiente y direccio-do. Las escobillas de carb\u00f3n son f\u00e1cilmente accedidas, permitiendo que su cambio sea simple y f\u00e1cil. El cambio del disco de corte es realizado de manera pr\u00e1ctica y segura gracias al bot\u00f3n de bloqueo del eje de trabajo. Recordando que con esta sierra circular usted puede realizar cortes en \u00e1ngulos de hasta 45\u00ba con profundidad de corte de 45 mil\u00edmetros. La regulaci\u00f3n de profundidad del corte es f\u00e1cil de hacerlo y garantiza mayor calidad del corte y seguridad del usuario &#8211; junto con la cubierta de protecci\u00f3n retr\u00e1ctil.\r\n\r\n<\/div>\r\n<\/div>\r\n<\/div>","protected":false},"excerpt":{"rendered":"Beneficios Visibilidad atrav\u00e9s de la placa base Func\u00edon soplo que mantiene el \u00e1rea de corte limpio Manilla ergon\u00f3mica parecida con la de un serrucho. Traba de eje para cambiar el disco Base plana del motor para apoyar la sierra y&#8230;","protected":false},"featured_media":14220,"comment_status":"open","ping_status":"closed","template":"","meta":[],"yoast_head":"<!-- This site is optimized with the Yoast SEO plugin v15.5 - https:\/\/yoast.com\/wordpress\/plugins\/seo\/ -->\n<title>SKIL Sierra Circular (7 1\/4\u2019) 184 mm 1400W - 5402 - Ferretera del norte<\/title>\n<meta name=\"robots\" content=\"index, follow, max-snippet:-1, max-image-preview:large, max-video-preview:-1\" \/>\n<link rel=\"canonical\" href=\"https:\/\/ferreteradelnorte.com.ar\/web\/producto\/skil-sierra-circular-7-1-4-184-mm-1400w-5402\/\" \/>\n<meta property=\"og:locale\" content=\"es_ES\" \/>\n<meta property=\"og:type\" content=\"article\" \/>\n<meta property=\"og:title\" content=\"SKIL Sierra Circular (7 1\/4\u2019) 184 mm 1400W - 5402 - Ferretera del norte\" \/>\n<meta property=\"og:description\" content=\"Beneficios Visibilidad atrav\u00e9s de la placa base Func\u00edon soplo que mantiene el \u00e1rea de corte limpio Manilla ergon\u00f3mica parecida con la de un serrucho. Traba de eje para cambiar el disco Base plana del motor para apoyar la sierra y...\" \/>\n<meta property=\"og:url\" content=\"https:\/\/ferreteradelnorte.com.ar\/web\/producto\/skil-sierra-circular-7-1-4-184-mm-1400w-5402\/\" \/>\n<meta property=\"og:site_name\" content=\"Ferretera del norte\" \/>\n<meta property=\"article:publisher\" content=\"https:\/\/www.facebook.com\/FerreteradelnorteSrl\" \/>\n<meta property=\"article:modified_time\" content=\"2022-09-22T12:32:52+00:00\" \/>\n<meta property=\"og:image\" content=\"https:\/\/ferreteradelnorte.com.ar\/web\/wp-content\/uploads\/2022\/09\/descarga-1.jpg\" \/>\n\t<meta property=\"og:image:width\" content=\"241\" \/>\n\t<meta property=\"og:image:height\" content=\"209\" \/>\n<meta name=\"twitter:card\" content=\"summary_large_image\" \/>\n<meta name=\"twitter:label1\" content=\"Tiempo de lectura\">\n\t<meta name=\"twitter:data1\" content=\"1 minuto\">\n<script type=\"application\/ld+json\" class=\"yoast-schema-graph\">{\"@context\":\"https:\/\/schema.org\",\"@graph\":[{\"@type\":\"WebSite\",\"@id\":\"https:\/\/ferreteradelnorte.com.ar\/web\/#website\",\"url\":\"https:\/\/ferreteradelnorte.com.ar\/web\/\",\"name\":\"Ferretera del norte\",\"description\":\"Te ayudamos a crecer\",\"potentialAction\":[{\"@type\":\"SearchAction\",\"target\":\"https:\/\/ferreteradelnorte.com.ar\/web\/?s={search_term_string}\",\"query-input\":\"required name=search_term_string\"}],\"inLanguage\":\"es\"},{\"@type\":\"ImageObject\",\"@id\":\"https:\/\/ferreteradelnorte.com.ar\/web\/producto\/skil-sierra-circular-7-1-4-184-mm-1400w-5402\/#primaryimage\",\"inLanguage\":\"es\",\"url\":\"https:\/\/ferreteradelnorte.com.ar\/web\/wp-content\/uploads\/2022\/09\/descarga-1.jpg\",\"width\":241,\"height\":209},{\"@type\":\"WebPage\",\"@id\":\"https:\/\/ferreteradelnorte.com.ar\/web\/producto\/skil-sierra-circular-7-1-4-184-mm-1400w-5402\/#webpage\",\"url\":\"https:\/\/ferreteradelnorte.com.ar\/web\/producto\/skil-sierra-circular-7-1-4-184-mm-1400w-5402\/\",\"name\":\"SKIL Sierra Circular (7 1\/4\\u2019) 184 mm 1400W - 5402 - Ferretera del norte\",\"isPartOf\":{\"@id\":\"https:\/\/ferreteradelnorte.com.ar\/web\/#website\"},\"primaryImageOfPage\":{\"@id\":\"https:\/\/ferreteradelnorte.com.ar\/web\/producto\/skil-sierra-circular-7-1-4-184-mm-1400w-5402\/#primaryimage\"},\"datePublished\":\"2022-09-22T12:32:51+00:00\",\"dateModified\":\"2022-09-22T12:32:52+00:00\",\"inLanguage\":\"es\",\"potentialAction\":[{\"@type\":\"ReadAction\",\"target\":[\"https:\/\/ferreteradelnorte.com.ar\/web\/producto\/skil-sierra-circular-7-1-4-184-mm-1400w-5402\/\"]}]}]}<\/script>\n<!-- \/ Yoast SEO plugin. -->","_links":{"self":[{"href":"https:\/\/ferreteradelnorte.com.ar\/web\/wp-json\/wp\/v2\/product\/14219"}],"collection":[{"href":"https:\/\/ferreteradelnorte.com.ar\/web\/wp-json\/wp\/v2\/product"}],"about":[{"href":"https:\/\/ferreteradelnorte.com.ar\/web\/wp-json\/wp\/v2\/types\/product"}],"replies":[{"embeddable":true,"href":"https:\/\/ferreteradelnorte.com.ar\/web\/wp-json\/wp\/v2\/comments?post=14219"}],"wp:featuredmedia":[{"embeddable":true,"href":"https:\/\/ferreteradelnorte.com.ar\/web\/wp-json\/wp\/v2\/media\/14220"}],"wp:attachment":[{"href":"https:\/\/ferreteradelnorte.com.ar\/web\/wp-json\/wp\/v2\/media?parent=14219"}],"curies":[{"name":"wp","href":"https:\/\/api.w.org\/{rel}","templated":true}]}}