{"id":13728,"date":"2020-10-27T20:07:05","date_gmt":"2020-10-27T20:07:05","guid":{"rendered":"http:\/\/ferreteradelnorte.com.ar\/web\/?post_type=product&#038;p=13728"},"modified":"2020-10-30T00:01:40","modified_gmt":"2020-10-30T00:01:40","slug":"taladro-atornillador-a-bateria-2412","status":"publish","type":"product","link":"https:\/\/ferreteradelnorte.com.ar\/web\/producto\/taladro-atornillador-a-bateria-2412\/","title":{"rendered":"Skil- 2412"},"content":{"rendered":"","protected":false},"excerpt":{"rendered":"CARACTERISTICAS\r\nMarca: Skil\r\nModelo: 2412\r\nVelocidad Reversible.\r\nCon Bater\u00eda Ion de Litio.\r\nSelector mec\u00e1nico de velocidad.\r\nFreno el\u00e9ctrico para mayor precisi\u00f3n de trabajo.\r\nProtector t\u00e9rmico para seguridad durante la carga de la bater\u00eda.\r\nCargador r\u00e1pido &#8211; Tiempo de carga de 1 hora.\r\nVersatilidad: 15 posiciones de torque + 1 de perforaci\u00f3n.\r\nComodidad: Mango ergonomico Soft-grip.\r\nDatos t\u00e9cnicos:\r\nVoltaje 10,8v.\r\nTorque: 11 NM.\r\nVelocidad de Rotaci\u00f3n: 0-650 rpm\r\nCapacidad de perforaci\u00f3n: Madera 20mm &#8211; Acero 10 mm\r\nGarant\u00eda : 12 meses.\r\nPeso: 1kg","protected":false},"featured_media":13729,"comment_status":"open","ping_status":"closed","template":"","meta":[],"yoast_head":"<!-- This site is optimized with the Yoast SEO plugin v15.5 - https:\/\/yoast.com\/wordpress\/plugins\/seo\/ -->\n<title>Skil- 2412 - Ferretera del norte<\/title>\n<meta name=\"robots\" content=\"index, follow, max-snippet:-1, max-image-preview:large, max-video-preview:-1\" \/>\n<link rel=\"canonical\" href=\"https:\/\/ferreteradelnorte.com.ar\/web\/producto\/taladro-atornillador-a-bateria-2412\/\" \/>\n<meta property=\"og:locale\" content=\"es_ES\" \/>\n<meta property=\"og:type\" content=\"article\" \/>\n<meta property=\"og:title\" content=\"Skil- 2412 - Ferretera del norte\" \/>\n<meta property=\"og:description\" content=\"CARACTERISTICAS Marca: Skil Modelo: 2412 Velocidad Reversible. Con Bater\u00eda Ion de Litio. Selector mec\u00e1nico de velocidad. Freno el\u00e9ctrico para mayor precisi\u00f3n de trabajo. Protector t\u00e9rmico para seguridad durante la carga de la bater\u00eda. Cargador r\u00e1pido - Tiempo de carga de 1 hora. Versatilidad: 15 posiciones de torque + 1 de perforaci\u00f3n. Comodidad: Mango ergonomico Soft-grip. Datos t\u00e9cnicos: Voltaje 10,8v. Torque: 11 NM. Velocidad de Rotaci\u00f3n: 0-650 rpm Capacidad de perforaci\u00f3n: Madera 20mm - Acero 10 mm Garant\u00eda : 12 meses. Peso: 1kg\" \/>\n<meta property=\"og:url\" content=\"https:\/\/ferreteradelnorte.com.ar\/web\/producto\/taladro-atornillador-a-bateria-2412\/\" \/>\n<meta property=\"og:site_name\" content=\"Ferretera del norte\" \/>\n<meta property=\"article:publisher\" content=\"https:\/\/www.facebook.com\/FerreteradelnorteSrl\" \/>\n<meta property=\"article:modified_time\" content=\"2020-10-30T00:01:40+00:00\" \/>\n<meta property=\"og:image\" content=\"https:\/\/ferreteradelnorte.com.ar\/web\/wp-content\/uploads\/2020\/10\/m3-taladro-atornillador-a-bateria-skil-2412-litio-108v-D_NQ_NP_823338-MLA31662433031_082019-F.jpg\" \/>\n\t<meta property=\"og:image:width\" content=\"1166\" \/>\n\t<meta property=\"og:image:height\" content=\"1200\" \/>\n<meta name=\"twitter:card\" content=\"summary_large_image\" \/>\n<script type=\"application\/ld+json\" class=\"yoast-schema-graph\">{\"@context\":\"https:\/\/schema.org\",\"@graph\":[{\"@type\":\"WebSite\",\"@id\":\"https:\/\/ferreteradelnorte.com.ar\/web\/#website\",\"url\":\"https:\/\/ferreteradelnorte.com.ar\/web\/\",\"name\":\"Ferretera del norte\",\"description\":\"Te ayudamos a crecer\",\"potentialAction\":[{\"@type\":\"SearchAction\",\"target\":\"https:\/\/ferreteradelnorte.com.ar\/web\/?s={search_term_string}\",\"query-input\":\"required name=search_term_string\"}],\"inLanguage\":\"es\"},{\"@type\":\"ImageObject\",\"@id\":\"https:\/\/ferreteradelnorte.com.ar\/web\/producto\/taladro-atornillador-a-bateria-2412\/#primaryimage\",\"inLanguage\":\"es\",\"url\":\"https:\/\/ferreteradelnorte.com.ar\/web\/wp-content\/uploads\/2020\/10\/m3-taladro-atornillador-a-bateria-skil-2412-litio-108v-D_NQ_NP_823338-MLA31662433031_082019-F.jpg\",\"width\":1166,\"height\":1200},{\"@type\":\"WebPage\",\"@id\":\"https:\/\/ferreteradelnorte.com.ar\/web\/producto\/taladro-atornillador-a-bateria-2412\/#webpage\",\"url\":\"https:\/\/ferreteradelnorte.com.ar\/web\/producto\/taladro-atornillador-a-bateria-2412\/\",\"name\":\"Skil- 2412 - Ferretera del norte\",\"isPartOf\":{\"@id\":\"https:\/\/ferreteradelnorte.com.ar\/web\/#website\"},\"primaryImageOfPage\":{\"@id\":\"https:\/\/ferreteradelnorte.com.ar\/web\/producto\/taladro-atornillador-a-bateria-2412\/#primaryimage\"},\"datePublished\":\"2020-10-27T20:07:05+00:00\",\"dateModified\":\"2020-10-30T00:01:40+00:00\",\"inLanguage\":\"es\",\"potentialAction\":[{\"@type\":\"ReadAction\",\"target\":[\"https:\/\/ferreteradelnorte.com.ar\/web\/producto\/taladro-atornillador-a-bateria-2412\/\"]}]}]}<\/script>\n<!-- \/ Yoast SEO plugin. -->","_links":{"self":[{"href":"https:\/\/ferreteradelnorte.com.ar\/web\/wp-json\/wp\/v2\/product\/13728"}],"collection":[{"href":"https:\/\/ferreteradelnorte.com.ar\/web\/wp-json\/wp\/v2\/product"}],"about":[{"href":"https:\/\/ferreteradelnorte.com.ar\/web\/wp-json\/wp\/v2\/types\/product"}],"replies":[{"embeddable":true,"href":"https:\/\/ferreteradelnorte.com.ar\/web\/wp-json\/wp\/v2\/comments?post=13728"}],"wp:featuredmedia":[{"embeddable":true,"href":"https:\/\/ferreteradelnorte.com.ar\/web\/wp-json\/wp\/v2\/media\/13729"}],"wp:attachment":[{"href":"https:\/\/ferreteradelnorte.com.ar\/web\/wp-json\/wp\/v2\/media?parent=13728"}],"curies":[{"name":"wp","href":"https:\/\/api.w.org\/{rel}","templated":true}]}}