{"id":13713,"date":"2020-10-27T02:22:28","date_gmt":"2020-10-27T02:22:28","guid":{"rendered":"http:\/\/ferreteradelnorte.com.ar\/web\/?post_type=product&#038;p=13713"},"modified":"2020-10-30T00:02:18","modified_gmt":"2020-10-30T00:02:18","slug":"rotopercutor-sds-26-mm-gbh-2-26-dre","status":"publish","type":"product","link":"https:\/\/ferreteradelnorte.com.ar\/web\/producto\/rotopercutor-sds-26-mm-gbh-2-26-dre\/","title":{"rendered":"Bosh GBH 2-26 DRE"},"content":{"rendered":"","protected":false},"excerpt":{"rendered":"Bloqueo de percusi\u00f3n para perforar acero y madera y esfera de articulaci\u00f3n para evitar roturas del cable. Portacarbones rotativo: la misma potencia en los 2 sentidos. Embrague de seguridad y velocidad variable. Giro reversible para facilitar la extracci\u00f3n de brocas atascadas. Regulaci\u00f3n continua del n\u00famero de revoluciones para un inicio de perforaci\u00f3n m\u00e1s limpio.","protected":false},"featured_media":13715,"comment_status":"open","ping_status":"closed","template":"","meta":[],"yoast_head":"<!-- This site is optimized with the Yoast SEO plugin v15.5 - https:\/\/yoast.com\/wordpress\/plugins\/seo\/ -->\n<title>Bosh GBH 2-26 DRE - Ferretera del norte<\/title>\n<meta name=\"robots\" content=\"index, follow, max-snippet:-1, max-image-preview:large, max-video-preview:-1\" \/>\n<link rel=\"canonical\" href=\"https:\/\/ferreteradelnorte.com.ar\/web\/producto\/rotopercutor-sds-26-mm-gbh-2-26-dre\/\" \/>\n<meta property=\"og:locale\" content=\"es_ES\" \/>\n<meta property=\"og:type\" content=\"article\" \/>\n<meta property=\"og:title\" content=\"Bosh GBH 2-26 DRE - Ferretera del norte\" \/>\n<meta property=\"og:description\" content=\"Bloqueo de percusi\u00f3n para perforar acero y madera y esfera de articulaci\u00f3n para evitar roturas del cable. Portacarbones rotativo: la misma potencia en los 2 sentidos. Embrague de seguridad y velocidad variable. Giro reversible para facilitar la extracci\u00f3n de brocas atascadas. Regulaci\u00f3n continua del n\u00famero de revoluciones para un inicio de perforaci\u00f3n m\u00e1s limpio.\" \/>\n<meta property=\"og:url\" content=\"https:\/\/ferreteradelnorte.com.ar\/web\/producto\/rotopercutor-sds-26-mm-gbh-2-26-dre\/\" \/>\n<meta property=\"og:site_name\" content=\"Ferretera del norte\" \/>\n<meta property=\"article:publisher\" content=\"https:\/\/www.facebook.com\/FerreteradelnorteSrl\" \/>\n<meta property=\"article:modified_time\" content=\"2020-10-30T00:02:18+00:00\" \/>\n<meta property=\"og:image\" content=\"https:\/\/ferreteradelnorte.com.ar\/web\/wp-content\/uploads\/2020\/10\/D_NQ_NP_921718-MLA31018160602_062019-O.jpg\" \/>\n\t<meta property=\"og:image:width\" content=\"500\" \/>\n\t<meta property=\"og:image:height\" content=\"433\" \/>\n<meta name=\"twitter:card\" content=\"summary_large_image\" \/>\n<script type=\"application\/ld+json\" class=\"yoast-schema-graph\">{\"@context\":\"https:\/\/schema.org\",\"@graph\":[{\"@type\":\"WebSite\",\"@id\":\"https:\/\/ferreteradelnorte.com.ar\/web\/#website\",\"url\":\"https:\/\/ferreteradelnorte.com.ar\/web\/\",\"name\":\"Ferretera del norte\",\"description\":\"Te ayudamos a crecer\",\"potentialAction\":[{\"@type\":\"SearchAction\",\"target\":\"https:\/\/ferreteradelnorte.com.ar\/web\/?s={search_term_string}\",\"query-input\":\"required name=search_term_string\"}],\"inLanguage\":\"es\"},{\"@type\":\"ImageObject\",\"@id\":\"https:\/\/ferreteradelnorte.com.ar\/web\/producto\/rotopercutor-sds-26-mm-gbh-2-26-dre\/#primaryimage\",\"inLanguage\":\"es\",\"url\":\"https:\/\/ferreteradelnorte.com.ar\/web\/wp-content\/uploads\/2020\/10\/D_NQ_NP_921718-MLA31018160602_062019-O.jpg\",\"width\":500,\"height\":433},{\"@type\":\"WebPage\",\"@id\":\"https:\/\/ferreteradelnorte.com.ar\/web\/producto\/rotopercutor-sds-26-mm-gbh-2-26-dre\/#webpage\",\"url\":\"https:\/\/ferreteradelnorte.com.ar\/web\/producto\/rotopercutor-sds-26-mm-gbh-2-26-dre\/\",\"name\":\"Bosh GBH 2-26 DRE - Ferretera del norte\",\"isPartOf\":{\"@id\":\"https:\/\/ferreteradelnorte.com.ar\/web\/#website\"},\"primaryImageOfPage\":{\"@id\":\"https:\/\/ferreteradelnorte.com.ar\/web\/producto\/rotopercutor-sds-26-mm-gbh-2-26-dre\/#primaryimage\"},\"datePublished\":\"2020-10-27T02:22:28+00:00\",\"dateModified\":\"2020-10-30T00:02:18+00:00\",\"inLanguage\":\"es\",\"potentialAction\":[{\"@type\":\"ReadAction\",\"target\":[\"https:\/\/ferreteradelnorte.com.ar\/web\/producto\/rotopercutor-sds-26-mm-gbh-2-26-dre\/\"]}]}]}<\/script>\n<!-- \/ Yoast SEO plugin. -->","_links":{"self":[{"href":"https:\/\/ferreteradelnorte.com.ar\/web\/wp-json\/wp\/v2\/product\/13713"}],"collection":[{"href":"https:\/\/ferreteradelnorte.com.ar\/web\/wp-json\/wp\/v2\/product"}],"about":[{"href":"https:\/\/ferreteradelnorte.com.ar\/web\/wp-json\/wp\/v2\/types\/product"}],"replies":[{"embeddable":true,"href":"https:\/\/ferreteradelnorte.com.ar\/web\/wp-json\/wp\/v2\/comments?post=13713"}],"wp:featuredmedia":[{"embeddable":true,"href":"https:\/\/ferreteradelnorte.com.ar\/web\/wp-json\/wp\/v2\/media\/13715"}],"wp:attachment":[{"href":"https:\/\/ferreteradelnorte.com.ar\/web\/wp-json\/wp\/v2\/media?parent=13713"}],"curies":[{"name":"wp","href":"https:\/\/api.w.org\/{rel}","templated":true}]}}