{"id":13674,"date":"2020-10-25T22:38:26","date_gmt":"2020-10-25T22:38:26","guid":{"rendered":"http:\/\/ferreteradelnorte.com.ar\/web\/?post_type=product&#038;p=13674"},"modified":"2020-10-30T00:06:09","modified_gmt":"2020-10-30T00:06:09","slug":"amoladora-makita-180mm-7-2000-w-ga7050","status":"publish","type":"product","link":"https:\/\/ferreteradelnorte.com.ar\/web\/producto\/amoladora-makita-180mm-7-2000-w-ga7050\/","title":{"rendered":"Makita  &#8211; GA7050"},"content":{"rendered":"","protected":false},"excerpt":{"rendered":"La amoladora Makita GA7050 es la m\u00e1s compacta de su clase, equipada con un interruptor de gatillo grande para facilitar el trabajo a la hora de desempe\u00f1ar la labor, de dise\u00f1o liviano para una \u00f3ptima maniobrabilidad y control. El desarrollo del interior de la carcasa en forma de laberinto presenta una compleja serie de canales para evitar la penetraci\u00f3n de polvo y escombros en el campo prolongando la vida \u00fatil de la m\u00e1quina.\r\nIncluye agarre lateral, cubierta de rueda, llave de tuerca de seguridad.","protected":false},"featured_media":13675,"comment_status":"open","ping_status":"closed","template":"","meta":[],"yoast_head":"<!-- This site is optimized with the Yoast SEO plugin v15.5 - https:\/\/yoast.com\/wordpress\/plugins\/seo\/ -->\n<title>Makita - GA7050 - Ferretera del norte<\/title>\n<meta name=\"robots\" content=\"index, follow, max-snippet:-1, max-image-preview:large, max-video-preview:-1\" \/>\n<link rel=\"canonical\" href=\"https:\/\/ferreteradelnorte.com.ar\/web\/producto\/amoladora-makita-180mm-7-2000-w-ga7050\/\" \/>\n<meta property=\"og:locale\" content=\"es_ES\" \/>\n<meta property=\"og:type\" content=\"article\" \/>\n<meta property=\"og:title\" content=\"Makita - GA7050 - Ferretera del norte\" \/>\n<meta property=\"og:description\" content=\"La amoladora Makita GA7050 es la m\u00e1s compacta de su clase, equipada con un interruptor de gatillo grande para facilitar el trabajo a la hora de desempe\u00f1ar la labor, de dise\u00f1o liviano para una \u00f3ptima maniobrabilidad y control. El desarrollo del interior de la carcasa en forma de laberinto presenta una compleja serie de canales para evitar la penetraci\u00f3n de polvo y escombros en el campo prolongando la vida \u00fatil de la m\u00e1quina. Incluye agarre lateral, cubierta de rueda, llave de tuerca de seguridad.\" \/>\n<meta property=\"og:url\" content=\"https:\/\/ferreteradelnorte.com.ar\/web\/producto\/amoladora-makita-180mm-7-2000-w-ga7050\/\" \/>\n<meta property=\"og:site_name\" content=\"Ferretera del norte\" \/>\n<meta property=\"article:publisher\" content=\"https:\/\/www.facebook.com\/FerreteradelnorteSrl\" \/>\n<meta property=\"article:modified_time\" content=\"2020-10-30T00:06:09+00:00\" \/>\n<meta property=\"og:image\" content=\"https:\/\/ferreteradelnorte.com.ar\/web\/wp-content\/uploads\/2020\/10\/51PrKnLy3L._AC_SL1000_.jpg\" \/>\n\t<meta property=\"og:image:width\" content=\"1000\" \/>\n\t<meta property=\"og:image:height\" content=\"509\" \/>\n<meta name=\"twitter:card\" content=\"summary_large_image\" \/>\n<script type=\"application\/ld+json\" class=\"yoast-schema-graph\">{\"@context\":\"https:\/\/schema.org\",\"@graph\":[{\"@type\":\"WebSite\",\"@id\":\"https:\/\/ferreteradelnorte.com.ar\/web\/#website\",\"url\":\"https:\/\/ferreteradelnorte.com.ar\/web\/\",\"name\":\"Ferretera del norte\",\"description\":\"Te ayudamos a crecer\",\"potentialAction\":[{\"@type\":\"SearchAction\",\"target\":\"https:\/\/ferreteradelnorte.com.ar\/web\/?s={search_term_string}\",\"query-input\":\"required name=search_term_string\"}],\"inLanguage\":\"es\"},{\"@type\":\"ImageObject\",\"@id\":\"https:\/\/ferreteradelnorte.com.ar\/web\/producto\/amoladora-makita-180mm-7-2000-w-ga7050\/#primaryimage\",\"inLanguage\":\"es\",\"url\":\"https:\/\/ferreteradelnorte.com.ar\/web\/wp-content\/uploads\/2020\/10\/51PrKnLy3L._AC_SL1000_.jpg\",\"width\":1000,\"height\":509},{\"@type\":\"WebPage\",\"@id\":\"https:\/\/ferreteradelnorte.com.ar\/web\/producto\/amoladora-makita-180mm-7-2000-w-ga7050\/#webpage\",\"url\":\"https:\/\/ferreteradelnorte.com.ar\/web\/producto\/amoladora-makita-180mm-7-2000-w-ga7050\/\",\"name\":\"Makita - GA7050 - Ferretera del norte\",\"isPartOf\":{\"@id\":\"https:\/\/ferreteradelnorte.com.ar\/web\/#website\"},\"primaryImageOfPage\":{\"@id\":\"https:\/\/ferreteradelnorte.com.ar\/web\/producto\/amoladora-makita-180mm-7-2000-w-ga7050\/#primaryimage\"},\"datePublished\":\"2020-10-25T22:38:26+00:00\",\"dateModified\":\"2020-10-30T00:06:09+00:00\",\"inLanguage\":\"es\",\"potentialAction\":[{\"@type\":\"ReadAction\",\"target\":[\"https:\/\/ferreteradelnorte.com.ar\/web\/producto\/amoladora-makita-180mm-7-2000-w-ga7050\/\"]}]}]}<\/script>\n<!-- \/ Yoast SEO plugin. -->","_links":{"self":[{"href":"https:\/\/ferreteradelnorte.com.ar\/web\/wp-json\/wp\/v2\/product\/13674"}],"collection":[{"href":"https:\/\/ferreteradelnorte.com.ar\/web\/wp-json\/wp\/v2\/product"}],"about":[{"href":"https:\/\/ferreteradelnorte.com.ar\/web\/wp-json\/wp\/v2\/types\/product"}],"replies":[{"embeddable":true,"href":"https:\/\/ferreteradelnorte.com.ar\/web\/wp-json\/wp\/v2\/comments?post=13674"}],"wp:featuredmedia":[{"embeddable":true,"href":"https:\/\/ferreteradelnorte.com.ar\/web\/wp-json\/wp\/v2\/media\/13675"}],"wp:attachment":[{"href":"https:\/\/ferreteradelnorte.com.ar\/web\/wp-json\/wp\/v2\/media?parent=13674"}],"curies":[{"name":"wp","href":"https:\/\/api.w.org\/{rel}","templated":true}]}}