{"id":13516,"date":"2020-09-26T00:34:20","date_gmt":"2020-09-26T00:34:20","guid":{"rendered":"http:\/\/ferreteradelnorte.com.ar\/web\/?post_type=product&#038;p=13516"},"modified":"2024-05-02T08:03:18","modified_gmt":"2024-05-02T08:03:18","slug":"martillo-rotopercutor-bosch-gbh-2-26-dre-800w-sds-plus","status":"publish","type":"product","link":"https:\/\/ferreteradelnorte.com.ar\/web\/producto\/martillo-rotopercutor-bosch-gbh-2-26-dre-800w-sds-plus\/","title":{"rendered":"Bosch Gbh 2-26 Dre"},"content":{"rendered":"<h2 class=\"ui-pdp-description__title\">Descripci\u00f3n<\/h2>\r\n<p class=\"ui-pdp-description__content\">Producto: Martillo Perforador con SDS-Plus Bosch\r\nModelo: GBH 2-26 DRE<\/p>\r\nN\u00famero de pieza: 06112537H0\r\nC\u00f3digo EAN: 3165140509008\r\n\r\nVentajas\r\nBloqueo de percusi\u00f3n para perforar acero y madera y esfera de articulaci\u00f3n para evitar roturas del cable. Portacarbones rotativo: la misma potencia en los 2 sentidos. Embrague de seguridad y velocidad variable. Giro reversible para facilitar la extracci\u00f3n de brocas atascadas. Regulaci\u00f3n continua del n\u00famero de revoluciones para un inicio de perforaci\u00f3n m\u00e1s limpio.","protected":false},"excerpt":{"rendered":"<ul class=\"ui-pdp-list__wrapper\">\r\n \t<li class=\"ui-pdp-list__item\">\r\n<p class=\"ui-pdp-list__text\"><span class=\"ui-pdp-color--BLACK ui-pdp-size--XSMALL ui-pdp-family--BOLD\">Potencia<\/span>: 800 W<\/p>\r\n<\/li>\r\n \t<li class=\"ui-pdp-list__item\">\r\n<p class=\"ui-pdp-list__text\"><span class=\"ui-pdp-color--BLACK ui-pdp-size--XSMALL ui-pdp-family--BOLD\">Es inal\u00e1mbrico<\/span>: No<\/p>\r\n<\/li>\r\n<\/ul>\r\n<ul class=\"ui-pdp-list__wrapper\">\r\n \t<li class=\"ui-pdp-list__item\">\r\n<p class=\"ui-pdp-list__text\"><span class=\"ui-pdp-color--BLACK ui-pdp-size--XSMALL ui-pdp-family--BOLD\">Sistema de encastre<\/span>: SDS Plus<\/p>\r\n<\/li>\r\n \t<li class=\"ui-pdp-list__item\">\r\n<p class=\"ui-pdp-list__text\"><span class=\"ui-pdp-color--BLACK ui-pdp-size--XSMALL ui-pdp-family--BOLD\">Modos de operaci\u00f3n<\/span>: Rotopercutor<\/p>\r\n<\/li>\r\n<\/ul>\r\n<ul class=\"ui-pdp-list__wrapper\">\r\n \t<li class=\"ui-pdp-list__item\">\r\n<p class=\"ui-pdp-list__text\"><span class=\"ui-pdp-color--BLACK ui-pdp-size--XSMALL ui-pdp-family--BOLD\">Velocidad m\u00ednima de rotaci\u00f3n<\/span>: 0 rpm<\/p>\r\n<\/li>\r\n \t<li class=\"ui-pdp-list__item\">\r\n<p class=\"ui-pdp-list__text\"><span class=\"ui-pdp-color--BLACK ui-pdp-size--XSMALL ui-pdp-family--BOLD\">Velocidad m\u00e1xima de rotaci\u00f3n<\/span>: 900 rpm<\/p>\r\n<\/li>\r\n<\/ul>\r\n<ul class=\"ui-pdp-list__wrapper\">\r\n \t<li class=\"ui-pdp-list__item\">\r\n<p class=\"ui-pdp-list__text\"><span class=\"ui-pdp-color--BLACK ui-pdp-size--XSMALL ui-pdp-family--BOLD\">Golpes por minuto<\/span>: 4400<\/p>\r\n<\/li>\r\n \t<li class=\"ui-pdp-list__item\">\r\n<p class=\"ui-pdp-list__text\"><span class=\"ui-pdp-color--BLACK ui-pdp-size--XSMALL ui-pdp-family--BOLD\">Accesorios incluidos<\/span>: Malet\u00edn<\/p>\r\n<\/li>\r\n<\/ul>","protected":false},"featured_media":13506,"comment_status":"open","ping_status":"closed","template":"","meta":[],"yoast_head":"<!-- This site is optimized with the Yoast SEO plugin v15.5 - https:\/\/yoast.com\/wordpress\/plugins\/seo\/ -->\n<title>Bosch Gbh 2-26 Dre - Ferretera del norte<\/title>\n<meta name=\"robots\" content=\"index, follow, max-snippet:-1, max-image-preview:large, max-video-preview:-1\" \/>\n<link rel=\"canonical\" href=\"https:\/\/ferreteradelnorte.com.ar\/web\/producto\/martillo-rotopercutor-bosch-gbh-2-26-dre-800w-sds-plus\/\" \/>\n<meta property=\"og:locale\" content=\"es_ES\" \/>\n<meta property=\"og:type\" content=\"article\" \/>\n<meta property=\"og:title\" content=\"Bosch Gbh 2-26 Dre - Ferretera del norte\" \/>\n<meta property=\"og:description\" content=\"Potencia: 800 W    Es inal\u00e1mbrico: No      Sistema de encastre: SDS Plus    Modos de operaci\u00f3n: Rotopercutor      Velocidad m\u00ednima de rotaci\u00f3n: 0 rpm    Velocidad m\u00e1xima de rotaci\u00f3n: 900 rpm      Golpes por minuto: 4400    Accesorios incluidos: Malet\u00edn\" \/>\n<meta property=\"og:url\" content=\"https:\/\/ferreteradelnorte.com.ar\/web\/producto\/martillo-rotopercutor-bosch-gbh-2-26-dre-800w-sds-plus\/\" \/>\n<meta property=\"og:site_name\" content=\"Ferretera del norte\" \/>\n<meta property=\"article:publisher\" content=\"https:\/\/www.facebook.com\/FerreteradelnorteSrl\" \/>\n<meta property=\"article:modified_time\" content=\"2024-05-02T08:03:18+00:00\" \/>\n<meta property=\"og:image\" content=\"https:\/\/ferreteradelnorte.com.ar\/web\/wp-content\/uploads\/2020\/09\/Rotopercutor-SDS-26-mm-GBH-2-26-DRE.jpg\" \/>\n\t<meta property=\"og:image:width\" content=\"824\" \/>\n\t<meta property=\"og:image:height\" content=\"540\" \/>\n<meta name=\"twitter:card\" content=\"summary_large_image\" \/>\n<meta name=\"twitter:label1\" content=\"Tiempo de lectura\">\n\t<meta name=\"twitter:data1\" content=\"0 minutos\">\n<script type=\"application\/ld+json\" class=\"yoast-schema-graph\">{\"@context\":\"https:\/\/schema.org\",\"@graph\":[{\"@type\":\"WebSite\",\"@id\":\"https:\/\/ferreteradelnorte.com.ar\/web\/#website\",\"url\":\"https:\/\/ferreteradelnorte.com.ar\/web\/\",\"name\":\"Ferretera del norte\",\"description\":\"Te ayudamos a crecer\",\"potentialAction\":[{\"@type\":\"SearchAction\",\"target\":\"https:\/\/ferreteradelnorte.com.ar\/web\/?s={search_term_string}\",\"query-input\":\"required name=search_term_string\"}],\"inLanguage\":\"es\"},{\"@type\":\"ImageObject\",\"@id\":\"https:\/\/ferreteradelnorte.com.ar\/web\/producto\/martillo-rotopercutor-bosch-gbh-2-26-dre-800w-sds-plus\/#primaryimage\",\"inLanguage\":\"es\",\"url\":\"https:\/\/ferreteradelnorte.com.ar\/web\/wp-content\/uploads\/2020\/09\/Rotopercutor-SDS-26-mm-GBH-2-26-DRE.jpg\",\"width\":824,\"height\":540},{\"@type\":\"WebPage\",\"@id\":\"https:\/\/ferreteradelnorte.com.ar\/web\/producto\/martillo-rotopercutor-bosch-gbh-2-26-dre-800w-sds-plus\/#webpage\",\"url\":\"https:\/\/ferreteradelnorte.com.ar\/web\/producto\/martillo-rotopercutor-bosch-gbh-2-26-dre-800w-sds-plus\/\",\"name\":\"Bosch Gbh 2-26 Dre - Ferretera del norte\",\"isPartOf\":{\"@id\":\"https:\/\/ferreteradelnorte.com.ar\/web\/#website\"},\"primaryImageOfPage\":{\"@id\":\"https:\/\/ferreteradelnorte.com.ar\/web\/producto\/martillo-rotopercutor-bosch-gbh-2-26-dre-800w-sds-plus\/#primaryimage\"},\"datePublished\":\"2020-09-26T00:34:20+00:00\",\"dateModified\":\"2024-05-02T08:03:18+00:00\",\"inLanguage\":\"es\",\"potentialAction\":[{\"@type\":\"ReadAction\",\"target\":[\"https:\/\/ferreteradelnorte.com.ar\/web\/producto\/martillo-rotopercutor-bosch-gbh-2-26-dre-800w-sds-plus\/\"]}]}]}<\/script>\n<!-- \/ Yoast SEO plugin. -->","_links":{"self":[{"href":"https:\/\/ferreteradelnorte.com.ar\/web\/wp-json\/wp\/v2\/product\/13516"}],"collection":[{"href":"https:\/\/ferreteradelnorte.com.ar\/web\/wp-json\/wp\/v2\/product"}],"about":[{"href":"https:\/\/ferreteradelnorte.com.ar\/web\/wp-json\/wp\/v2\/types\/product"}],"replies":[{"embeddable":true,"href":"https:\/\/ferreteradelnorte.com.ar\/web\/wp-json\/wp\/v2\/comments?post=13516"}],"wp:featuredmedia":[{"embeddable":true,"href":"https:\/\/ferreteradelnorte.com.ar\/web\/wp-json\/wp\/v2\/media\/13506"}],"wp:attachment":[{"href":"https:\/\/ferreteradelnorte.com.ar\/web\/wp-json\/wp\/v2\/media?parent=13516"}],"curies":[{"name":"wp","href":"https:\/\/api.w.org\/{rel}","templated":true}]}}